f (2 + -3 + 3 - -2) + -5?
-1
-5 + (-5 - -3) + 2
-5
Evaluate 2 - (3 + -4) - 6.
-3
What is -22 + 12 + 1 + 5?
-4
Evaluate 10 + (-4 + -2 - (1 + -5)).
8
What is the value of -23 + 16 + (4 - 0 - -1)?
-2
What is 4 + -2 + -1 - (7 - 3)?
-3
-1 - (0 - 0) - 4
-5
What is 9 + (-6 - (2 + -4))?
5
What is the value of -8 - (-2 - (-2 - (0 + -4)))?
-4
What is the value of 7 + 1 - (-24 - -30)?
2
Calculate (-10 - -19) + 1 + -5.
5
What is the value of (6 - (-9 + 4 - -10)) + -1?
0
What is the value of 0 + 2 - (-5 + 3 + 2)?
2
What is 2 - (-3 - (-7 - 2))?
-4
What is -3 + 6 - 9 - -8?
2
Calculate 5 + -5 + (-13 - -11).
-2
What is the value of -3 + (18 - 6) + -4?
5
Evaluate -1 + -2 - (-208 + 199).
6
3 + 2 + (2 - 5)
2
-4 + (7 - 6 - 3)
-6
Evaluate (-3 - -2 - 2) + 8.
5
Calculate 12 - 11 - (0 + 1 + 4).
-4
What is -4 + 1 + (24 - 28)?
-7
Calculate 4 - -4 - (3 - 1).
6
What is -5 - (-4 - (-2 + 3 - 3))?
-3
Calculate (-3 + -3 - -8) + (1 - -2).
5
What is the value of 7 + -9 + -1 - (7 + -1)?
-9
-6 + -18 + 14 - -7
-3
What is 0 - (3 - 13) - (4 + -1)?
7
Calculate 7 - 2 - 1 - 4.
0
2 - (0 + -2 + 8)
-4
1 + -12 + 12 + 5
6
What is 0 + 5 + -1 - (2 + 2)?
0
(-11 - -2) + (83 - 79)
-5
Calculate 1 - 3 - 0 - (-2 - -5).
-5
What is the value of -2 - ((-2 - -5) + -1)?
-4
What is -2 - -1 - (1 + 0)?
-2
Calculate -160 + 175 + -8 + 0 + 0.
7
(-3 + 0 - (6 + -6)) + 0
-3
4 + -11 + 12 + 0 + -4
1
Evaluate (0 - -6) + (9 + -15 - 6).
-6
Calculate 4 + (-10 - (-1 - 4)).
-1
What is the value of 3 + 1 + 10 + (-14 - -8)?
8
Evaluate 0 - (3 + 5 + -4).
-4
What is the value of 3 - 11 - -5 - 2?
-5
What is (-15 - -6) + 5 + 3?
-1
0 - 3 - (3 - 1)
-5
What is -77 - -74 - ((0 - 1) + -3)?
1
5 - -1 - (-6 + 11)
1
What is the value of 4 + 1 - (4 - 3 - -6)?
-2
Evaluate 10 + -12 - (-12 - -2).
8
Calculate 5 - (30 + (-2 - 13)).
-10
Calculate 3 + (-16 - -2 - -1).
-10
What is (-6 - -1) + (-2 - -3)?
-4
What is the value of (12 - 8) + -2 + 0 + -1?
1
Calculate -3 - (1 - (2 + 1)).
-1
(0 - (-1 - 2) - 1) + 3
5
0 - (7 - (3 + 7) - 1)
4
What is 21 + 3 - 18 - (-1 - -4)?
3
-2 - 4 - (-6 - -1)
-1
12 + -8 - (2 + 1 + -3)
4
What is 1 - (8 - 4 - 3)?
0
Evaluate 58 + -50 - (16 + -2) - -3.
-3
0 + (-8 - 1 - -6)
-3
What is 9 + (3 - 7) + 1 - 4?
2
What is 1 + (-3 - (-5 + 4 - 0))?
-1
What is the value of -5 - (2 - (0 + 2))?
-5
What is the value of -2 + -8 + -1 - -10?
-1
4 - (0 - -7) - -2
-1
Calculate 7 + -6 + (-2 - 2) - 2.
-5
(3 - -1) + (13 - (15 + -2))
4
What is the value of 7 + 2 + -7 - (0 + 5)?
-3
What is the value of (8 + -2 - -1) + 172 + -180?
-1
Evaluate 1 + 8 + 1 + -3.
7
What is the value of -2 - (1 + -10) - 4?
3
What is the value of (0 - -6 - (-22 - -24)) + 2?
6
What is 1 + 3 + -1 - -2?
5
Calculate (-3 - -9) + -2 - (4 - -3).
-3
Calculate 3 + 6 + -4 + 3 + -5.
3
(-1 - 2) + 6 + 5 + -10
-2
Calculate 3 - -4 - (-4 + 12).
-1
What is (-1 - (0 - (-2 + 4))) + -7?
-6
What is 5 + (-18 - -6) + (3 - 0)?
-4
(-6 - -4 - 2) + 5
1
Evaluate (-4 - -10) + -5 + -8.
-7
Calculate 2 - 0 - (4 - (-3 + 1)).
-4
Evaluate 0 - 4 - (-5 + 5).
-4
-2 + (-10 - -17 - 11)
-6
What is the value of (-22 + 7 - -5 - 3) + 7?
-6
Evaluate (-16 - 1) + 8 + 14.
5
Calculate 16 + 4 + (-2 - 10).
8
Evaluate -7 + 3 + (2 - -4).
2
Calculate 0 - (-2 - (4 + -4)).
2
What is the value of 4 + -6 + (0 - (-1 - -1))?
-2
What is the value of -1 + (-1 - -1 - (11 - 9))?
-3
6 + -4 + 0 + 3
5
What is -2 + (4 - (-4 - -9)) + 1?
-2
What is (11 - 5) + -14 - -7?
-1
Evaluate (-4 - -8) + 0 + -9 - 1.
-6
-4 - (1 + 2 + -8)
1
What is (0 - 0) + -5 + (20 - 17)?
-2
Evaluate -3 + (-1 - 0) + 11 + -4.
3
What is -2 - -9 - (-57 + 63)?
1
Calculate (-5 - 0) + (3 - -3) + -4.
-3
5 - (16 - (7 + 1))
-3
Calculate -1 + 4 + -8 - -4.
-1
(9 - 23) + 9 - -6
1
What is the value of (-6 - (2 - -4)) + 16?
4
-6 - (-6 + 5 - 3)
-2
What is the value of ((6 - -2) + -6 - 8) + -2?
-8
What is the value of (17 + -3 - 27) + 8?
-5
What is (2 - (-1 + -3)) + -9?
-3
Evaluate (13 + -5 - 8) + (-1 - -2).
1
Evaluate 8 - (-5 + -3 - -19).
-3
(4 - 3 - 2 - -2) + 3
4
Calculate (3 + -7 - -4) + (2 - -3).
5
Evaluate 7 - (-2 + 7 - -2).
0
What is the value of -2 + (-6 - (12 - 12))?
-8
What is the value of 4 + -5 + -6 + 8?
1
-22 - -16 - (-5 - 1)
0
What is 0 + (2 - (1 + 6 + 0))?
-5
Evaluate -11 + (-4 - (-7 - 3)).
-5
Evaluate -7 + 2 - (8 + -6).
-7
8 + -13 - -10 - 8
-3
What is -12 - (-18 + 6 + 7)?
-7
What is (0 - 1) + 11 + -5 - 0?
5
Evaluate (8 - (9 + -5)) + -7.
-3
(15 + -4 - 5) + -5 + 2
3
2 - 0 - (19 + -14)
-3
Evaluate 5 + -5 + -4 - 0.
-4
5 + -2 + 0 + 0 + -7
-4
What is the value of -6 - (-12 + (1 - 0 - 3))?
8
Calculate -2 - (0 - (3 - 1)).
0
What is the value of -5 - -8 - (-4 + 9 - 8)?
6
Evaluate (0 - (-4 + -1)) + -9.
-4
(15 - 12) + (1 - -1)
5
Evaluate -4 + (8 - 3) - (0 + -1).
2
Evaluate -6 - (-19 + 2 - (5 - 13)).
3
Evaluate 4 - (2 - -7 - 4).
-1
What is the value of (-7 - -1) + (20 - 5 - 16)?
-7
What is the value of 0 + 9 - 7 - (-1 + 1)?
2
What is the value of 0 - -4 - (-12 - (-14 - -1))?
3
What is 9 + (9 - 0 - 13)?
5
What is the value of -3 + 3 + 0 + (-11 - -8)?
-3
What is 1 + (-1 - -1) + 2 + 0?
3
(-1 - 1) + 3 + -3
-2
What is the value of -1 - (2 + -4 + 5)?
-4
-6 + -1 + 13 + -6
0
Evaluate -7 + 1 - ((-9 - -4) + 1).
-2
Calculate (-1 - 5) + (0 - (11 + -17)).
0
Evaluate (-8 - (2 - 0)) + (12 - 8).
-6
Evaluate -3 - (-5 + 1 + 1).
0
Evaluate 6 - 2 - 5 - 2.
-3
What is 3 + -6 - -2 - (0 + 0)?
-1
What is the value of -4 + 2 - (9 + (-16 - -3))?
2
What is -2 + 2 - (3 - (5 - 7))?
-5
Calculate -4 + (-2 - (4 - 10)).
0
(-1 - -13) + (110 - 122)
0
What is the value of (-1 - -3 - 1) + -2?
-1
2 + 1 + (-7 - -3)
-1
What is 1 + -3 + (-1 - -8) + -3?
2
0 - -2 - 5 - 0 - -4
1
What is 14 + -6 + 1 + -13?
-4
Calculate -3 + 11 + 3 + -7.
4
What is 7 - 1 - (46 + -38)?
-2
Calculate 77 + -65 + (-15 - 0).
-3
2 + (-9 - -1 - -5)
-1
Calculate 4 - (4 + (0 - (-2 - -4))).
2
What is the value of -18 + 14 - (0 + -4)?
0
Calculate -5 - (-6 + (6 - 7)).
2
What is (7 - (9 + -5)) + (0 - 0)?
3
Calculate 3 - (-2 + 7) - -6.
4
Evaluate 3 + -7 + 4 + -5 + 2.
-3
Evaluate 4 - (0 + 0 - -3).
1
1 - 0 - (-15 + 11)
5
What is the value of 8 + (-8 - (1 + -3))?
2
What is the value of (-1 - (1 - -1)) + (-2 - -2)?
-3
What is the value of (10 - 9) + -7 + 4?
-2
Calculate (0 - 6) + (0 - (4 + -20)).
10
What is 5 + -2 - (4 - 2) - 1?
0
Evaluate -1 + 8 + (2 - 4).
5
Evaluate 1 + 3 + (-8 - (-6 + 4)).
-2
Evaluate -8 + (5 - 3 - -12).
6
Evaluate 1 + -5 + -9 + 23.
10
What is the value of (2 - -6) + -7 + 0?
1
9 + (-3 - (-7 + 18))
-5
11 + -16 + (-10 - (-7 - -2))
-10
Calculate (-5 - (-3 - (0 + 0))) + 1.
-1
What is 1 - (0 + (-4 - -5))?
0
What is 4 - 6 - (0 - 1 - -2)?
-3
What is -3 - (-1 + -5 + 3)?
0
Evaluate (10 - (2 + 3)) + -10.
-5
What is -4 - (0 + -12 + (7 - 4))?
5
What is the value of 1 + -3 + -2 + 1?
-3
What is -6 - (-14 + 9 + -4)?
3
Evaluate 3 + 2 + -4 + 0.
1
(-2 - (-4 - (4 + -4))) + -3
-1
What is (4 - 10) + -14 + 12?
-8
What is the value of 4 - (9 + 0 + -1)?
-4
Evaluate -6 + 0 + 1 + 0 + 1.
-4
0 - -1 - (-30 - -27)
4
Evaluate -117 - -133 - (-1 - -7).
10
What is the value of 6 + 3 + -7 + 0?
2
What is (1 - 0) + 1 + 5 + -4?
3
Calculate -4 + (-5 - -5) + 4 + 2.
2
Evaluate 0 + 1 + -5 + -3 + 5.
-2
Calculate (-4 - (-10 - (8 - 15))) + 2.
1
What is 7 - 4 - (-6 - -15)?
-6
What is 0 - (-4 + 1 - -1) - 4?
-2
Calculate -17 + 20 - (2 - 0 - 4).
5
6 + -10 + -3 + 5 + 1
-1
-11 + -3 + (18 - 8)
-4
What is the value of 0 - 7 - (-4 + -6 + 8)?
-5
Evaluate 2 + -7 - ((27 - 18) + -12).
-2
What is -6 + (5 - 2 - -1)?
-2
Calculate (1 - 0 - (14 - 13)) + -9.
-9
Evaluate (-2 - -7) + -4 + 0.
1
Evaluate (-3 - -2) + -10 + 10 + -5.
-6
What is -12 + (0 - -10) + (2 - -2)?
2
Evaluate 6 + (-14 - (-2 - 5)).
-1
Evaluate -12 - (12 - 24) - (4 + 1).
-5
What is 0 + 0 - (12 - (-2 + 9))?
-5
-4 + 0 + (7 - 1)
2
0 + -5 + 0 + -7 + 4
-8
-1 + -2 + 0 + 24 + -24
-3
Evaluate (0 - 2) + (-22 - (-17 + -1)).
-6
-2 + (-1 - -5) + (0 - -1)
3
Evaluate (2 - 1) + (1 - -9) + -7.
4
What is the value of (18 - (-10 + 18)) + -3?
7
What is 14 + (8 + 4 - 28)?
-2
What is -8 - (-6 + 3 + -8)?
3
8 + (-1 + 0 - 1) + -3
3
-4 + 0 + -5 + (-13 - -14)
-8
What is the value of -2 - (-4 - (-2 - -2))?
2
Evaluate 8 - (4 + -8 - -9).
3
Evaluate -3 + 0 + (-1 - (1 - 0)).
-5
Evaluate 10 - (-8 + 18 + 2).
-2
3 + (2 - ((0 - 1) + 2))
4
Evaluate -5 + (-2 - -5) + 0.
-2
(0 + -1 + 1 - -14) + -6
8
What is the value of -6 + (7 - -6) - 10?
-3
What is the value of 1 + 6 + -1